lculate the highest common factor of 2 and v.
2
Let i = 316 + -152. Let v = i - 54. What is the highest common divisor of v and 20?
10
Suppose v + 5*l = -8, -14 = 8*v - 10*v + 5*l. Suppose 0 = 2*h + 3*u - 53 - 23, 2*u = -v*h + 72. Calculate the greatest common factor of 128 and h.
32
Let z be 1632/(-306)*(-9)/8. Calculate the greatest common factor of 12 and z.
6
Suppose -52*j = -63*j + 550. Calculate the highest common factor of j and 850.
50
Let p = 32 + -29. Suppose 5*m - 504 = 3*m - 5*k, p*k = -5*m + 1222. Suppose m + 46 = 8*l. Calculate the greatest common factor of l and 9.
9
Suppose -3*x - 3*o = 28 - 1, 5*o = -2*x - 6. Let d(k) = -k + 68. Let a be d(x). What is the highest common factor of 27 and a?
27
Suppose -31 = 3*s + 50. Suppose -32*h + 24*h - 408 = 0. Let p be (36/s)/(2/h). What is the highest common factor of 238 and p?
34
Let b be (-10)/(-4)*(-72)/(-30). Suppose b*y - 14*y = -992. Let o = 219 - y. What is the greatest common factor of o and 38?
19
Let c(f) = 2*f**3 + 30*f**2 + 5*f + 2632. Let n be c(0). Calculate the highest common factor of 252 and n.
28
Let n = 8905 - 4576. Calculate the highest common factor of n and 37.
37
Let s(k) = -173*k + 31. Let r be s(1). Let w = 167 + r. What is the greatest common divisor of w and 225?
25
Let b = 31 - 9. Suppose 9*w = 6*w + 5*r + 86, 0 = 5*w - 3*r - 122. What is the greatest common divisor of b and w?
22
Suppose -4*q - 12 = -7*q. Let f be (6*11/88)/(1/144). Let z be q*(f/8 + 3). What is the greatest common factor of z and 22?
22
Suppose -26*k + 4084 = 40*k + 124. Calculate the highest common divisor of k and 940.
20
Suppose 5*n = -3*m + 32532, 4*m + 28657 + 3917 = 5*n. What is the highest common divisor of n and 840?
210
Suppose -16*k + 172 = 108. Let i(w) = -w. Let p be i(2). Let h be k/(2 + 6)*274 + p. Calculate the greatest common divisor of h and 45.
45
Let x(r) = r**2 + 16*r - 37. Let o be x(-12). Let y = 141 + o. Calculate the greatest common factor of y and 16.
8
Let g = -67 + 67. Suppose -4*m + 5*m - 28 = g. Let x = 54 - m. Calculate the greatest common factor of 39 and x.
13
Suppose -12853*k - 67840 = -12906*k. Calculate the greatest common factor of 5 and k.
5
Let i(u) = u**2 - 6*u + 17. Let q be i(-9). Calculate the highest common factor of q and 112.
8
Let w(l) = 10*l**2 + 171*l + 879. Let o be w(-5). Calculate the highest common divisor of 6 and o.
2
Let m be -14*(-8)/(-32)*2. Let k be m/7*-100 + -4. Calculate the highest common factor of 48 and k.
48
Let q = -22 - -164. Let o = q + -125. Calculate the highest common factor of o and 2.
1
Let v be ((-35376)/(-9))/4*-8*30/(-160). What is the highest common divisor of 352 and v?
22
Let r = -6784 + 6787. What is the highest common factor of r and 96?
3
Suppose 195 = 3*f + 2*f - 5*s, -4*f + 2*s = -154. Let q = f + -24. Let x = -349 + 370. What is the highest common factor of x and q?
7
Let l be (-19)/19*-8 + (-3 - -55). What is the highest common factor of 20940 and l?
60
Let q be 4 + (-4 - -3) + 1 + 38. Suppose -103*k = 24*k - 4445. What is the greatest common divisor of q and k?
7
Suppose c + 1 = 26 - 16. Calculate the greatest common factor of c and 801.
9
Suppose 19398*k - 19402*k + 6264 = 0. What is the highest common factor of k and 162?
54
Let n = -131 - -219. Let b(m) = 2*m**2 - 10*m - 76. Let i = -187 + 200. Let j be b(i). What is the greatest common divisor of j and n?
44
Let r be 188 + 8 + 12/(-3). Let c be 360/48*(-160)/(-25). Calculate the greatest common factor of r and c.
48
Let x = 1277282 - 1276996. Let n be (0 - 5)/((-2)/(-14)). Let i = n - -61. What is the greatest common factor of i and x?
26
Let v(s) = 1 - 3 - 11*s + 17*s. Let p be v(1). Suppose 0 = p*b - 816 + 256. What is the highest common factor of 56 and b?
28
Suppose -31*k + 30222 + 20618 = 0. Calculate the greatest common factor of k and 40.
40
Let z = 19302 - 16388. What is the highest common factor of 527 and z?
31
Let r be 1 + 2 + -10 - (-6941 - 75). What is the highest common divisor of r and 86?
43
Suppose 3*w - 40 = -2*w. Let h(b) = b**3 - 3*b**2 + 5*b + 4. Let k be h(2). Calculate the highest common divisor of w and k.
2
Let z be (0 + 150/(-9))/((-2)/9). Suppose 4*h - 5*d = -7 + z, -52 = -2*h - 2*d. Suppose j = 22 + h. Calculate the highest common divisor of j and 2.
2
Let z = 1611 + -1032. Suppose -4 = -4*j, n + 2*j = 44 + z. Calculate the highest common factor of n and 23.
23
Let x be -2374*((-44)/40)/11 + 3/5. Calculate the greatest common divisor of x and 680.
34
Let c = 1202 - 1097. Calculate the highest common factor of c and 455.
35
Let w(l) = 63*l**2 - 12*l + 30. Let c be w(4). Suppose -5*z + c = z. Calculate the highest common divisor of z and 15.
15
Let z = 1945 - 1162. What is the highest common factor of z and 54?
27
Suppose -65*y - 237 = -66*y. Let j = 253 - y. What is the highest common divisor of 40 and j?
8
Suppose -39*c - 15 = -42*c. Suppose c*y = 8 + 37. Calculate the greatest common factor of 45 and y.
9
Suppose 3*l + 4695 = 3*r, -4*r - r = -l - 7837. Calculate the greatest common factor of r and 32.
32
Suppose -3*v + 36 = -237. Let d(r) = r**3 - 28*r**2 - 60*r + 44. Let i be d(30). Suppose -5*y + i + v = 0. What is the highest common factor of 6 and y?
3
Let i(z) = 2*z**2 + 29*z - 208. Let q be i(9). Let g be 128 + -3 - (2 - 6). What is the greatest common divisor of g and q?
43
Let h = -5170 + 5182. What is the highest common factor of h and 18?
6
Let a = -332 + 332. Suppose a = -12*u - u + 481. Calculate the highest common divisor of u and 333.
37
Let a be (1458/(-34))/(-1) + 8/68. Let g be (2/(-6))/(a/(-4515)). What is the highest common factor of g and 35?
35
Let v(p) = 8*p - 19*p + 27*p + 96 + 128. Let t be v(-10). Let m = -120 + 216. Calculate the greatest common divisor of t and m.
32
Suppose -131 = 30*c + 49. Let z be 11 - c - (3 + -5). What is the highest common divisor of 171 and z?
19
Let w = -48 - -84. Suppose -2*m + 5*d = -50, -m = 4*d + 19 - 57. Calculate the highest common factor of m and w.
6
Let c be 4/(-1) + (-10 - 4)/14. Let n = -3 - -2. Let i be 0 - (-3 - c)*n. Calculate the highest common factor of 18 and i.
2
Suppose -17*m - 21420 = 13*m. Let o = m - -729. Calculate the greatest common factor of 9 and o.
3
Let k be (-5844)/(-32) - (-6)/16 - -3. Let q be -14*(-2)/4 - 0. Suppose -r + q*r - k = 0. What is the highest common divisor of 31 and r?
31
Let j(k) = 1 + 5480*k - 18 - 4548*k. Let i be j(1). What is the greatest common divisor of 15 and i?
15
Let v(g) = g**3 - 18*g**2 + 18*g - 16. Let y be v(17). Suppose -d = 5*b + y, -115*b - 96 = -4*d - 110*b. Calculate the highest common factor of d and 3.
1
Let g be (-6)/10*220/88*-736. What is the greatest common divisor of 256 and g?
16
Let n(l) = l**2 + 1079. Let a be n(0). Suppose -3889 = -12*h + a. Suppose 2*c = 4*o - h, -60 = 4*o - 3*c - 471. What is the greatest common factor of o and 15?
15
Suppose 153*q - 11674 = 8469 - 100. Calculate the greatest common factor of q and 3275.
131
Suppose 0 = 83*r - 664604 + 266038. What is the highest common factor of 294 and r?
98
Let v(x) = x**3 - 10*x**2 - 42*x + 31. Let i be v(13). Let n be 52 - -5 - (-13 - i). Calculate the greatest common factor of n and 2.
2
Let r(u) = -3584 + 3593 + 163*u - 60*u. Let f be r(1). What is the greatest common divisor of f and 7?
7
Let o(j) = j**2 - 24*j - 50. Let t be o(35). Let x = t + -331. What is the greatest common divisor of x and 76?
4
Let h(j) = -j**2 - 38*j + 7. Let n be h(0). What is the highest common divisor of 5677 and n?
7
Suppose -29688 = -5*y - 5*a + 40472, 5*y - 70136 = a. Let r be y/196 - (-6)/14. What is the greatest common factor of 18 and r?
18
Let h(b) = 74*b**2 + 26*b + 115. Let n be h(-4). Calculate the highest common factor of 4063 and n.
239
Let p(a) = a**3 + 81*a**2 - 258*a - 376. Let z be p(-84). What is the greatest common factor of 232 and z?
8
Let c(h) = 21*h**2 - 15*h + 10. Let g be c(-7). Suppose g = 6*b + 20*b. What is the highest common divisor of 110 and b?
22
Suppose 199*l + 104*l - 240380 = 65*l. Calculate the greatest common factor of 10 and l.
10
Suppose 2021*d + 2*p = 2016*d + 6427, 5*d + 4*p = 6409. What is the highest common divisor of d and 1?
1
Let p be 5/25 + 158/10. Suppose w = p + 2. Let b(h) = -h**3 + 11*h**2 - 2*h - 26. Let v